ommon divisor of 25329201 and 74.
37
Calculate the greatest common factor of 23062761 and 3366.
153
What is the greatest common factor of 4030794 and 755?
151
What is the greatest common divisor of 146 and 67090358?
146
Calculate the greatest common divisor of 5899344 and 7689.
33
Calculate the highest common factor of 43788 and 5927578.
178
Calculate the highest common divisor of 210538367 and 130.
13
Calculate the greatest common factor of 7 and 270384443.
7
What is the highest common divisor of 6517 and 3504284?
931
Calculate the greatest common divisor of 405836864 and 64.
64
Calculate the greatest common divisor of 18 and 3626184.
6
What is the greatest common divisor of 22518 and 2186838?
162
What is the highest common divisor of 6506542 and 252?
14
What is the greatest common divisor of 3733049057 and 697?
697
What is the greatest common factor of 29722 and 24704?
386
Calculate the greatest common factor of 1318344 and 53464.
1304
What is the greatest common divisor of 6897 and 101620277?
121
Calculate the greatest common divisor of 6977824 and 1120.
224
Calculate the highest common factor of 27439053 and 6285.
1257
What is the greatest common factor of 189280 and 16213015?
5915
Calculate the greatest common divisor of 126 and 30177972.
18
What is the greatest common factor of 1519 and 47273233?
217
What is the highest common factor of 37113 and 2707581?
417
Calculate the greatest common factor of 8443277 and 69.
23
What is the highest common divisor of 3582 and 709634?
398
What is the greatest common divisor of 2303 and 30973?
47
What is the greatest common divisor of 3404004 and 2804232?
3972
What is the greatest common divisor of 486276 and 115836?
588
Calculate the highest common factor of 1095 and 6674175.
15
Calculate the greatest common factor of 206871 and 336.
21
Calculate the greatest common factor of 5460 and 127581909.
273
Calculate the greatest common divisor of 917 and 15275648.
131
Calculate the greatest common divisor of 1053660 and 135.
15
Calculate the greatest common divisor of 117521 and 34558087.
6913
What is the highest common divisor of 266540 and 32020?
20
Calculate the greatest common factor of 3454 and 87956.
22
What is the highest common divisor of 2363134 and 45550?
1822
Calculate the highest common factor of 394264 and 7942145.
3791
Calculate the highest common divisor of 12606186 and 28671.
1509
Calculate the greatest common divisor of 24485 and 2792701.
83
What is the greatest common divisor of 1792723443 and 8274?
4137
What is the greatest common divisor of 9 and 2187015777?
9
What is the highest common divisor of 47674 and 214654?
242
Calculate the highest common divisor of 6710 and 29700.
110
Calculate the greatest common factor of 10566 and 46.
2
What is the greatest common factor of 896 and 28322784?
224
Calculate the highest common divisor of 15309657 and 99.
99
What is the highest common factor of 435 and 317094207?
87
What is the greatest common divisor of 18430 and 44167010?
970
Calculate the highest common divisor of 123031127 and 344.
43
Calculate the greatest common divisor of 122466420 and 174.
174
Calculate the highest common factor of 23000 and 96863350.
1150
What is the highest common divisor of 94507 and 14329?
161
What is the highest common factor of 211582 and 7088354?
238
What is the greatest common factor of 20805 and 2148330?
285
What is the greatest common divisor of 117649 and 6802033?
2401
What is the highest common divisor of 5353 and 32701?
53
Calculate the highest common divisor of 437167 and 1096.
137
Calculate the greatest common divisor of 13 and 2756135850.
13
Calculate the greatest common factor of 983776112 and 176.
176
Calculate the highest common factor of 412606422 and 646.
34
Calculate the greatest common factor of 125357145 and 15.
15
Calculate the greatest common divisor of 12828256 and 40.
8
What is the greatest common factor of 80911930 and 1265?
1265
Calculate the highest common factor of 274855482 and 44.
22
What is the highest common divisor of 896444 and 2839?
17
What is the greatest common factor of 8803485 and 120?
15
What is the greatest common divisor of 1410 and 73840290?
1410
What is the highest common divisor of 1755 and 1134855?
45
What is the highest common divisor of 8406 and 367863372?
8406
What is the highest common factor of 48 and 3836994?
6
What is the greatest common factor of 17 and 21301374?
17
What is the highest common factor of 110153 and 24131?
59
What is the greatest common factor of 1521 and 65594412?
117
Calculate the greatest common factor of 26554 and 781710.
142
Calculate the greatest common divisor of 259 and 34860290.
37
Calculate the greatest common divisor of 391849325 and 1225.
1225
Calculate the greatest common factor of 455410 and 50.
10
Calculate the highest common divisor of 116082 and 18702.
18
What is the highest common factor of 5002495 and 130?
5
Calculate the greatest common factor of 4236 and 26511712.
1412
Calculate the highest common divisor of 115674 and 5044.
26
Calculate the greatest common divisor of 444605 and 140.
35
What is the greatest common divisor of 65750 and 2752558?
526
Calculate the greatest common divisor of 11688 and 638088.
24
What is the highest common factor of 8935402 and 1708?
854
What is the highest common factor of 247 and 6259417?
19
What is the highest common factor of 8205 and 48574147?
547
What is the highest common factor of 333 and 29240619?
111
What is the greatest common divisor of 753788 and 8148?
28
What is the highest common factor of 452804820 and 138580?
10660
What is the highest common factor of 22 and 1085711?
11
Calculate the highest common factor of 8765086 and 726.
22
Calculate the highest common factor of 58699740 and 8455.
95
Calculate the greatest common factor of 2754 and 79459218.
162
What is the highest common divisor of 144478708 and 198?
22
Calculate the highest common factor of 2037 and 61846230.
291
Calculate the highest common factor of 2430404 and 114.
38
What is the highest common divisor of 1024 and 761624?
8
Calculate the greatest common factor of 1516 and 50322862.
758
Calculate the greatest common divisor of 128 and 98978368.
64
Calculate the highest common divisor of 4935891 and 34464.
1077
Calculate the highest common factor of 1674 and 1622916.
54
Calculate the greatest common factor of 8947620 and 2244.
132
Calculate the greatest common divisor of 48776 and 7775082.
938
What is the greatest common factor of 289632 and 43008?
672
Calculate the highest common factor of 120262 and 25434.
314
Calculate the highest common factor of 14025 and 938553.
561
Calculate the highest common divisor of 67041 and 96687.
27
Calculate the highest common divisor of 112 and 40528712.
56
Calculate the highest common factor of 6438000 and 150510.
870
Calculate the highest common divisor of 3550 and 576520.
710
What is the highest common divisor of 10223528 and 7616?
952
What is the highest common factor of 3132899362 and 746?
746
Calculate the greatest common divisor of 120910 and 528580.
1070
Calculate the highest common divisor of 16728894 and 18018.
1638
What is the greatest common divisor of 820531488 and 48?
48
Calculate the greatest common divisor of 96 and 7320432.
48
What is the greatest common factor of 31362610 and 90?
10
What is the greatest common divisor of 22575609 and 1379?
1379
What is the greatest common divisor of 825835927 and 21?
7
Calculate the highest common divisor of 348 and 657604.
116
What is the greatest common factor of 14096291 and 638?
319
What is the greatest common factor of 2517292 and 1088?
68
Calculate the highest common factor of 32836411 and 277.
277
What is the highest common factor of 3589 and 3045703?
97
Calculate the greatest common factor of 808 and 1629938.
202
Calculate the highest common divisor of 40097373 and 6.
3
Calculate the greatest common divisor of 1745766 and 19536.
66
Calculate the greatest common factor of 3759 and 80220819.
3759
What is the greatest common divisor of 1781 and 468546?
13
What is the highest common divisor of 30868435 and 65?
65
Calculate the greatest common divisor of 31801782 and 15.
3
What is the greatest common factor of 685 and 214200?
5
What is the highest common divisor of 48506368 and 3584?
51